lculate the remainder when 59325 is divided by 64.
61
Calculate the remainder when 6485970 is divided by 599.
597
Calculate the remainder when 90461 is divided by 37.
33
Calculate the remainder when 1486 is divided by 532.
422
Calculate the remainder when 56651 is divided by 34.
7
What is the remainder when 2947 is divided by 18?
13
Calculate the remainder when 9977 is divided by 49.
30
Calculate the remainder when 62460 is divided by 31121.
218
What is the remainder when 45794 is divided by 169?
164
What is the remainder when 136392 is divided by 45?
42
Calculate the remainder when 1289 is divided by 11.
2
Calculate the remainder when 17041 is divided by 56.
17
What is the remainder when 270311 is divided by 1131?
2
Calculate the remainder when 95131 is divided by 26.
23
Calculate the remainder when 9036 is divided by 303.
249
What is the remainder when 24885 is divided by 27?
18
What is the remainder when 19915 is divided by 23?
20
Calculate the remainder when 13133 is divided by 242.
65
Calculate the remainder when 1810 is divided by 810.
190
What is the remainder when 2242983 is divided by 1082?
1079
What is the remainder when 3128 is divided by 156?
8
What is the remainder when 11084 is divided by 97?
26
What is the remainder when 44542 is divided by 59?
56
Calculate the remainder when 95191 is divided by 476.
467
Calculate the remainder when 14354 is divided by 1101.
41
What is the remainder when 217979 is divided by 865?
864
Calculate the remainder when 4046 is divided by 18.
14
What is the remainder when 58541 is divided by 13?
2
What is the remainder when 8370 is divided by 14?
12
Calculate the remainder when 107496 is divided by 93.
81
What is the remainder when 461942 is divided by 5?
2
What is the remainder when 9001 is divided by 153?
127
What is the remainder when 19 is divided by 7?
5
Calculate the remainder when 11360 is divided by 2839.
4
Calculate the remainder when 5472 is divided by 135.
72
Calculate the remainder when 1676889 is divided by 42.
39
Calculate the remainder when 11753 is divided by 1666.
91
What is the remainder when 23492 is divided by 511?
497
Calculate the remainder when 632938 is divided by 154.
152
What is the remainder when 7642 is divided by 376?
122
What is the remainder when 43518 is divided by 21540?
438
What is the remainder when 2312797 is divided by 10?
7
What is the remainder when 3966 is divided by 576?
510
What is the remainder when 695028 is divided by 366?
360
What is the remainder when 22236 is divided by 7343?
207
What is the remainder when 1647 is divided by 124?
35
What is the remainder when 2071 is divided by 316?
175
Calculate the remainder when 275123 is divided by 380.
3
What is the remainder when 17249 is divided by 292?
21
What is the remainder when 251510 is divided by 62876?
6
Calculate the remainder when 12285 is divided by 2457.
0
Calculate the remainder when 3316 is divided by 133.
124
What is the remainder when 3044 is divided by 513?
479
Calculate the remainder when 141161 is divided by 19.
10
Calculate the remainder when 89107 is divided by 947.
89
What is the remainder when 2593 is divided by 545?
413
Calculate the remainder when 29032 is divided by 248.
16
Calculate the remainder when 27692 is divided by 5.
2
Calculate the remainder when 7199 is divided by 606.
533
Calculate the remainder when 2275 is divided by 34.
31
What is the remainder when 656342 is divided by 73?
72
Calculate the remainder when 86427 is divided by 5749.
192
What is the remainder when 8864 is divided by 402?
20
Calculate the remainder when 128648 is divided by 1090.
28
What is the remainder when 23106 is divided by 30?
6
Calculate the remainder when 4319 is divided by 1407.
98
What is the remainder when 9389 is divided by 782?
5
What is the remainder when 12420 is divided by 2480?
20
What is the remainder when 43769 is divided by 2917?
14
What is the remainder when 4204 is divided by 3765?
439
What is the remainder when 12341 is divided by 66?
65
Calculate the remainder when 6228 is divided by 156.
144
What is the remainder when 14259 is divided by 753?
705
Calculate the remainder when 14049 is divided by 231.
189
What is the remainder when 3583 is divided by 36?
19
What is the remainder when 61191 is divided by 1910?
71
Calculate the remainder when 15032 is divided by 527.
276
Calculate the remainder when 579 is divided by 520.
59
Calculate the remainder when 343 is divided by 23.
21
Calculate the remainder when 2640 is divided by 47.
8
Calculate the remainder when 113 is divided by 103.
10
Calculate the remainder when 112853 is divided by 90.
83
What is the remainder when 3712 is divided by 121?
82
What is the remainder when 7133 is divided by 1104?
509
Calculate the remainder when 66237 is divided by 27.
6
Calculate the remainder when 62936 is divided by 146.
10
Calculate the remainder when 58517 is divided by 110.
107
Calculate the remainder when 29437 is divided by 4885.
127
Calculate the remainder when 18520 is divided by 189.
187
What is the remainder when 43086 is divided by 14?
8
Calculate the remainder when 1776 is divided by 1061.
715
What is the remainder when 20134 is divided by 1119?
1111
What is the remainder when 339 is divided by 113?
0
What is the remainder when 23162 is divided by 819?
230
Calculate the remainder when 71220 is divided by 17784.
84
What is the remainder when 2811 is divided by 91?
81
Calculate the remainder when 17578 is divided by 30.
28
What is the remainder when 102618 is divided by 56?
26
Calculate the remainder when 1360 is divided by 1275.
85
Calculate the remainder when 10129 is divided by 68.
65
What is the remainder when 11867 is divided by 112?
107
What is the remainder when 140284 is divided by 6680?
4
Calculate the remainder when 24969 is divided by 12471.
27
What is the remainder when 385474 is divided by 26?
24
Calculate the remainder when 2233399 is divided by 1641.
1639
What is the remainder when 199162 is divided by 45?
37
Calculate the remainder when 2806 is divided by 612.
358
What is the remainder when 108446 is divided by 2213?
9
What is the remainder when 12035 is divided by 708?
707
What is the remainder when 23803 is divided by 115?
113
What is the remainder when 1793 is divided by 2?
1
Calculate the remainder when 5130 is divided by 71.
18
What is the remainder when 1884778 is divided by 180?
178
What is the remainder when 2121 is divided by 212?
1
Calculate the remainder when 14151 is divided by 262.
3
Calculate the remainder when 662 is divided by 38.
16
What is the remainder when 705 is divided by 311?
83
Calculate the remainder when 64644 is divided by 75.
69
What is the remainder when 2297 is divided by 230?
227
What is the remainder when 577 is divided by 12?
1
What is the remainder when 13595 is divided by 6780?
35
Calculate the remainder when 36747 is divided by 817.
799
Calculate the remainder when 9837 is divided by 3279.
0
Calculate the remainder when 1284 is divided by 256.
4
Calculate the remainder when 2231 is divided by 205.
181
What is the remainder when 9639 is divided by 20?
19
What is the remainder when 71967 is divided by 104?
103
What is the remainder when 50528 is divided by 526?
32
Calculate the remainder when 3126 is divided by 3.
0
Calculate the remainder when 1511607 is divided by 218.
213
Calculate the remainder when 6711 is divided by 24.
15
Calculate the remainder when 25774 is divided by 38.
10
Calculate the remainder when 138639 is divided by 152.
15
Calculate the remainder when 9072 is divided by 9052.
20
Calculate the remainder when 12073 is divided by 6036.
1
Calculate the remainder when 21214 is divided by 68.
66
What is the remainder when 8684 is divided by 29?
13
What is the remainder when 72593 is divided by 200?
193
Calculate the remainder when 1273 is divided by 184.
169
What is the remainder when 89711 is divided by 144?
143
Calculate the remainder when 71980 is divided by 9.
7
Calculate the remainder when 1503 is divided by 28.
19
Calculate the remainder when 1973579 is divided by 3.
2
Calculate the remainder when 65159 is divided by 44.
39
Calculate the remainder when 2776 is divided by 323.
192
What is the remainder when 28976 is divided by 341?
332
What is the remainder when 390 is divided by